24
Let n = 425 + -355. Suppose -28*m + 35*m - n = 0. What is the remainder when 528 is divided by m?
8
Let a(d) = 2*d + 12. Let s be a(-5). Suppose -s*b + 42 + 96 = 0. Suppose 73*v - 1000 = 1166 - 414. What is the remainder when b is divided by v?
21
Suppose -2*g + g = -3*q + 139, -q = 3*g - 43. Let l(d) = d**2 + 4*d - 6. Let n = 32 - 24. Calculate the remainder when l(n) is divided by q.
44
Let g(m) = -m - 3. Let n be g(-5). Suppose n*k - 91 = 49. Calculate the remainder when 69 is divided by 3/(7/(k/3)).
9
Let m = 900 - 558. Suppose 20*b = 2*b + m. Calculate the remainder when 75 is divided by b.
18
Let d(n) = n**2 + 23*n - 1. Let j be d(-23). Let g(q) = -q + 6 + 4 - 19*q**3 + 2*q**2 - 12 - 39*q**3. What is the remainder when g(j) is divided by 12?
11
Let f = -628 - -384. Let v = f - -258. Calculate the remainder when 45 is divided by v.
3
Let t be 10/(-3)*(15/(-5) - 0). Suppose -5*q + 176 = m, -4*q + 3*m = 6*m - 132. What is the remainder when (-858)/15*t/(-2 + 0) is divided by q?
34
Suppose -8221 = -24*t + 14112 + 3467. What is the remainder when t is divided by 77?
74
Suppose -5*g + 37 = -3*d - 11, -2*g - 5*d + 44 = 0. Let j be g*(-1)/4*2. What is the remainder when 79 + 3/(-6)*j is divided by 17?
14
Let c(x) = 115*x - 420. Calculate the remainder when c(32) is divided by 1625.
10
Suppose 22*o - 58 = -14. What is the remainder when (0 - -43) + o + (36 - 40) is divided by 0 + 12 - (-1 - 1)?
13
Let v be 80245/66 - (-3)/18. Suppose 19*x + v = 57*x. Calculate the remainder when x is divided by 11.
10
Let w(d) = -d**2 - 20*d - 43. Let t be 1*(6 + -5 + -8). Calculate the remainder when w(t) is divided by 2.
0
Suppose -4*h + 0*h + 64 = 0. Suppose 3*m + 0*m - 2*g - 405 = 0, 0 = 4*g. Calculate the remainder when (5 - m/20)/(2/(-72)) is divided by h.
15
Suppose 156 = -3*i + 372. What is the remainder when 653 is divided by i?
5
What is the remainder when 245 is divided by 9 + -7*56/(-98)?
11
Let z = -1181 - -1264. What is the remainder when z is divided by 19?
7
Suppose -2 = -2*m, -230*m - 530 = -j - 233*m. What is the remainder when j is divided by 14?
9
Let z(x) = 9*x**2 - 76*x + 242. Suppose 2*p - 5*p + 36 = 0. Calculate the remainder when z(4) is divided by p.
10
Let d(u) = 16*u - 3. Let k(i) = i - 1. Let c(s) = d(s) - 6*k(s). Calculate the remainder when c(3) is divided by 130/390*(-3 - -1 - (-29 - 0)).
6
Suppose 103 = 15*k + 13. Suppose -932 = -4*h - 4*l, k*h + 5*l = 2*h + 931. Calculate the remainder when h is divided by 34.
30
Let p = 5778 - 5585. What is the remainder when 897 is divided by p?
125
Let h = 4001 - 3800. What is the remainder when h is divided by 68?
65
Let i = 5863 + -3197. What is the remainder when i is divided by 7?
6
Suppose f + 21 = 30. Let l be ((-3)/f)/(0 - (-3)/(-9)). What is the remainder when (-6732)/(-54) - (1/(-3))/l is divided by 32?
29
Let l(k) be the second derivative of 1/2*k**3 - 2*k**2 - 1/20*k**5 - 5*k + 1/12*k**4 + 0. Calculate the remainder when 112 is divided by l(-3).
20
Let g(k) = -k**2 - 10*k. Let p be g(6). Let t be (-3192)/p + (-2)/8. Suppose -7*u + 10*u - t = 0. Calculate the remainder when 21 is divided by u.
10
Let p = 79 - 76. Let j = 7 + p. Suppose -2*k + 8*c - j*c + 22 = 0, 5*k = c + 31. Calculate the remainder when k is divided by 1.
0
Let m(u) = u**2 - 127*u - 3423. Suppose 2*t - 329 = -0*t - 5*c, -t = -2*c - 151. Calculate the remainder when t is divided by m(150).
22
Let p be 6/21 + 35/49. Let r be p/1 + (3 - (-4 + 3)). Suppose 0*i + 116 = t + 5*i, 3*t - r*i = 408. Calculate the remainder when t is divided by 11.
10
Suppose -85 = -l - 2*t, -2*t + 369 + 40 = 5*l. Calculate the remainder when l is divided by -6*(-203)/70 + 2/(-5).
13
Suppose 4*h = -3*k + 116, -3*k - 3*h + 70 = -41. Let r(s) = -10*s + 163. What is the remainder when k is divided by r(14)?
9
Let w(h) = h**3 + 41*h**2 + 236*h - 4. What is the remainder when w(-10) is divided by 84?
64
Let a(t) = 428*t**2 + 44*t + 1. Calculate the remainder when a(1) is divided by 25.
23
Suppose -d - 201*q + 139 = -203*q, d - 151 = -4*q. What is the remainder when 827 is divided by d?
112
Suppose 8694 = 41*d - 20*d. What is the remainder when d is divided by 55?
29
Let u(j) = -15*j + 2719. What is the remainder when u(103) is divided by 18?
4
Let z(s) = 305*s + 3748. Calculate the remainder when z(-8) is divided by 35.
13
Let p(m) = -4*m - 11. Let t(l) = -37*l + 4. Let x be t(-5). Suppose -6 - x = -5*f. Calculate the remainder when f is divided by p(-8).
18
What is the remainder when 3/7 + (1410/2115 - 371150/(-42)) is divided by 68?
66
Let w = 387 - 277. Suppose -w = -3*v - 53. Calculate the remainder when 34 is divided by v.
15
Suppose 5*t - 81807 = 13*t - 41*t. Calculate the remainder when t is divided by 17.
14
Let z = -1097 + 1332. What is the remainder when 937 is divided by z?
232
Suppose -f = 4*r - 95, 0 = -5*r + 28*f - 31*f + 110. What is the remainder when 31 is divided by r?
6
What is the remainder when ((-149)/(-5))/((40/(-25))/(-8)) is divided by 118?
31
Suppose 4*w - t - 245 = 0, 4*w - 236 = 7*t - 3*t. What is the remainder when 5331 is divided by w?
61
Suppose 24*g - 583 = -223. Let r(a) = -5*a - 9. Calculate the remainder when r(-7) is divided by g.
11
Let n = 3852 - 1935. Calculate the remainder when n is divided by 19.
17
Suppose 4*n - 57 = 691. Let t = 15203 + -15176. Calculate the remainder when n is divided by t.
25
Suppose 71*n = 27*n - 27456. Let s = 646 + n. What is the remainder when 153 is divided by s?
21
Let r(q) = -208*q - 820. Calculate the remainder when 1943 is divided by r(-4).
11
Let z(o) = 3*o - 42. Let f be z(10). Let v(y) = -y**2 - 14*y - 15. What is the remainder when 134 is divided by v(f)?
8
Let s(n) = 0*n - 37 - 176 - 20*n + 3*n. Suppose 0*v + 2*v = 40. Calculate the remainder when v is divided by s(-13).
4
Let n = -14 - 49. Let r be 9/n + 234/21. Suppose -r*s = -5*s - 450. What is the remainder when s is divided by 19?
18
Let p(r) = 10*r**3 + 12*r**2 + 3*r - 4. Calculate the remainder when p(2) is divided by 99.
31
Suppose -15*g + 53 - 53 = 0. Let y(k) = k + 3. Let s be y(-3). Suppose 7*r + s*r - 21 = g. What is the remainder when 9 is divided by r?
0
Let u = -196 - -290. Suppose -32 - u = -7*l. Calculate the remainder when (12/(-3))/((-5)/(65 - 0)) is divided by l.
16
Let w = -73 - -125. Let t = 184 - w. Let z = -107 + t. What is the remainder when 96 is divided by z?
21
Let n(h) = 2*h**2 - 65*h - 770. What is the remainder when 251 is divided by n(43)?
118
Let p be (470/4)/((-12)/(-168)). Suppose p = 5*m - 3*r, 1610 = 10*m - 5*m + 4*r. What is the remainder when m is divided by 41?
39
Let u(n) = -n**2 - n + 28. Let k be (0 + 8)*(-3)/(-6). Calculate the remainder when 31 is divided by u(k).
7
Let c(n) = -n - 3. Let k be c(-5). Suppose 0 = -k*d - 6, -w = -d - d - 11. Let q(l) = -53*l - 1526. What is the remainder when q(-29) is divided by w?
1
Suppose -5*a + n + 944 = -a, 0 = -2*a - 4*n + 454. Let h = -170 + a. What is the remainder when 324 is divided by h?
64
Let s = 80 + -105. Let p(z) = -z**2 - 29*z + 20. Calculate the remainder when p(s) is divided by 32.
24
What is the remainder when (2715/(-2))/(69/(-46)) is divided by 6?
5
Suppose -63*l - 125 = -944. What is the remainder when 607 is divided by l?
9
Suppose 3 = 2*u - 19. Let d be ((-744)/9 - 4)*3/(-2). Let n = -100 + d. What is the remainder when n is divided by u?
8
Let n(t) = -t - 8. Suppose 8*r + 3 = 19. Suppose -27 = 4*w + 5*q, 0 = r*q + q - 15. What is the remainder when 9 is divided by n(w)?
4
Let l(b) = 223*b - 567. What is the remainder when l(3) is divided by 7?
4
Suppose -78*p + 101*p = 3680. What is the remainder when 734 is divided by p/15*(-4)/(-32)*12?
14
Let d = 11666 + -11346. What is the remainder when 995 is divided by d?
35
Let o be 3/(0 + (-3)/(-9)). Let u(k) = 3*k + 19. Let p be u(o). Suppose -4*s = -s - 5*f - p, 6 = -3*f. Calculate the remainder when 106 is divided by s.
10
Let r(g) = 10*g - 34. Let f be r(3). What is the remainder when 246 + ((-4)/(-16))/(-1)*f is divided by 62?
61
Calculate the remainder when 8777 is divided by 6*((-77)/(-30) - (90/75)/(-2)).
18
Let s = 2009 - 1855. What is the remainder when 628 is divided by s?
12
Let m = 2486 - 2462. Suppose -8*x + 24 = -2*x. Suppose -x*r + 0 + 380 = 0. Calculate 